{"id":183,"date":"2015-03-31T12:33:08","date_gmt":"2015-03-31T10:33:08","guid":{"rendered":"http:\/\/new.veterinasmizany.sk\/?page_id=183"},"modified":"2015-05-26T15:05:55","modified_gmt":"2015-05-26T13:05:55","slug":"dm","status":"publish","type":"page","link":"https:\/\/www.chsseychely.sk\/?page_id=183","title":{"rendered":"DM"},"content":{"rendered":"<p><strong>Degenerat\u00edvna myelopatia (DM)<\/strong><\/p>\n<p>Degenerat\u00edvna myelopatia, niekedy naz\u00fdvan\u00e1 aj chronick\u00e1 degenerat\u00edvna radiculomyelopatia, je autoimunitn\u00e9 ochorenie, ktor\u00e9 sa objavuje vo vy\u0161\u0161om veku a\u00a0atakuje myel\u00edn, \u201e izol\u00e1ciu\u201c nervov.<\/p>\n<p>Psi s\u00a0DM vykazuj\u00fa progres\u00edvnu slabos\u0165 a\u00a0ub\u00fadanie koordin\u00e1cie zadn\u00fdch kon\u010dat\u00edn, ktor\u00e1 vedie a\u017e k\u00a0ochrnutiu. Eutan\u00e1zia je odpor\u00fa\u010dan\u00e1, ke\u010f ochorenie za\u010dne zasahova\u0165 d\u00fdchanie.<\/p>\n<p>DM\u00a0 m\u00e1 tendenciu by\u0165\u00a0 nezdiagnostikovan\u00e1 u\u00a0psov, preto je d\u00f4le\u017eit\u00e9 postupne vyl\u00fa\u010di\u0165 ostatn\u00e9 pr\u00ed\u010diny sympt\u00f3mov. Diagn\u00f3za m\u00f4\u017ee by\u0165 potvrden\u00e1 DNA testom, ktor\u00fd detekuje rizikov\u00fd faktor.<\/p>\n<p>Postihnut\u00ed psi bud\u00fa ma\u0165 dve k\u00f3pie g\u00e9nu, ale nie ka\u017ed\u00fd pes, ktor\u00fd m\u00e1 dve k\u00f3pie g\u00e9nu mus\u00ed ma\u0165 klinick\u00e9 prejavy ochorenia.<\/p>\n<p>Lie\u010dba neexistuje, zmier\u0148uj\u00faca m\u00f4\u017ee by\u0165 dlhodob\u00e1 starostlivos\u0165.<\/p>\n<p>DM je typ autoimunitn\u00e9ho ochorenia. Autoimunitn\u00e9 ochorenia s\u00fa geneticky predisponovan\u00e9. \u00a0DM test dovo\u013euje chovate\u013eom identifikova\u0165 hlavn\u00e9 rizikov\u00e9 faktory ochorenia.\u00a0 Nie ka\u017ed\u00fd pes s dvoma k\u00f3piami g\u00e9nu ochorie, ale z\u00a0t\u00fdch \u010do ochorej\u00fa, ka\u017ed\u00fd m\u00e1 dve k\u00f3pie. Pr\u00edtomnos\u0165 mut\u00e1cie by mala by\u0165 vyhodnoten\u00e1 ako chyba, a\u00a0v\u00e4\u010d\u0161ia je, ak s\u00fa dve k\u00f3pie ako jedna. Psi s\u00a0mut\u00e1ciou m\u00f4\u017eu by\u0165 kr\u00ed\u017een\u00e9 len s\u00a0jedincami \u201eclear\u201c. Preto\u017ee rozdielne autoimunitn\u00e9 ochorenia sa \u010dasto vyskytuj\u00fa v\u00a0rovnak\u00fdch \u201erodin\u00e1ch\u201c, je vhodn\u00e9 zabr\u00e1ni\u0165 kr\u00ed\u017eeniu u\u00a0psov s\u00a0minulos\u0165ou, kde sa objavilo ak\u00e9ko\u013evek autoimunitn\u00e9 ochorenia.<\/p>\n<p>Zdroj: <a href=\"http:\/\/www.ashgi.org\">www.ashgi.org<\/a><\/p>\n<p>Preklad: MVDr. Kova\u013eov\u00e1 Krist\u00edna<\/p>\n","protected":false},"excerpt":{"rendered":"<p>Degenerat\u00edvna myelopatia (DM) Degenerat\u00edvna myelopatia, niekedy naz\u00fdvan\u00e1 aj chronick\u00e1 degenerat\u00edvna radiculomyelopatia, je autoimunitn\u00e9 ochorenie, ktor\u00e9 sa objavuje vo vy\u0161\u0161om veku a\u00a0atakuje myel\u00edn, \u201e izol\u00e1ciu\u201c nervov. Psi s\u00a0DM vykazuj\u00fa progres\u00edvnu slabos\u0165 a\u00a0ub\u00fadanie koordin\u00e1cie zadn\u00fdch kon\u010dat\u00edn, ktor\u00e1 vedie a\u017e k\u00a0ochrnutiu. Eutan\u00e1zia je&#8230;<a href=\"https:\/\/www.chsseychely.sk\/?page_id=183\">Read More&#8230;<\/a><\/p>\n","protected":false},"author":1,"featured_media":0,"parent":0,"menu_order":0,"comment_status":"closed","ping_status":"closed","template":"","meta":{"footnotes":""},"class_list":["post-183","page","type-page","status-publish","hentry"],"_links":{"self":[{"href":"https:\/\/www.chsseychely.sk\/index.php?rest_route=\/wp\/v2\/pages\/183","targetHints":{"allow":["GET"]}}],"collection":[{"href":"https:\/\/www.chsseychely.sk\/index.php?rest_route=\/wp\/v2\/pages"}],"about":[{"href":"https:\/\/www.chsseychely.sk\/index.php?rest_route=\/wp\/v2\/types\/page"}],"author":[{"embeddable":true,"href":"https:\/\/www.chsseychely.sk\/index.php?rest_route=\/wp\/v2\/users\/1"}],"replies":[{"embeddable":true,"href":"https:\/\/www.chsseychely.sk\/index.php?rest_route=%2Fwp%2Fv2%2Fcomments&post=183"}],"version-history":[{"count":2,"href":"https:\/\/www.chsseychely.sk\/index.php?rest_route=\/wp\/v2\/pages\/183\/revisions"}],"predecessor-version":[{"id":282,"href":"https:\/\/www.chsseychely.sk\/index.php?rest_route=\/wp\/v2\/pages\/183\/revisions\/282"}],"wp:attachment":[{"href":"https:\/\/www.chsseychely.sk\/index.php?rest_route=%2Fwp%2Fv2%2Fmedia&parent=183"}],"curies":[{"name":"wp","href":"https:\/\/api.w.org\/{rel}","templated":true}]}}